{"id":620,"date":"2019-10-05T13:30:53","date_gmt":"2019-10-05T13:30:53","guid":{"rendered":"https:\/\/fb-classics.com\/shop\/?post_type=product&#038;p=620"},"modified":"2023-04-17T18:57:43","modified_gmt":"2023-04-17T18:57:43","slug":"ac-cobra-dax-v8-arr","status":"publish","type":"product","link":"https:\/\/fb-classics.com\/shop\/produit\/ac-cobra-dax-v8-arr\/","title":{"rendered":"AC Cobra Dax V8"},"content":{"rendered":"<p>Magnifique AC Cobra ( Dax ) de 1986 , enti\u00e8rement restaur\u00e9e ( carrosserie , m\u00e9canique , sellerie ) . Moteur V8 , 3500 cc , pr\u00e9par\u00e9 sport, culasse John Wood Racine GB , carburateur Edelbroock , 220 ch !<\/p>\n<p>&nbsp;<\/p>\n<p>&nbsp;<\/p>\n<p><strong>Vendue !!!!!<\/strong><\/p>\n","protected":false},"excerpt":{"rendered":"<p>Magnifique AC Cobra ( Dax ) de 1986 , enti\u00e8rement restaur\u00e9e ( carrosserie , m\u00e9canique , sellerie ) . Moteur V8 , 3500 cc , pr\u00e9par\u00e9 sport, culasse John Wood Racine GB , carburateur Edelbroock , 220 ch ! &nbsp; &nbsp; Vendue !!!!!<\/p>\n","protected":false},"featured_media":621,"template":"","meta":[],"product_cat":[16],"product_tag":[],"_links":{"self":[{"href":"https:\/\/fb-classics.com\/shop\/wp-json\/wp\/v2\/product\/620"}],"collection":[{"href":"https:\/\/fb-classics.com\/shop\/wp-json\/wp\/v2\/product"}],"about":[{"href":"https:\/\/fb-classics.com\/shop\/wp-json\/wp\/v2\/types\/product"}],"wp:featuredmedia":[{"embeddable":true,"href":"https:\/\/fb-classics.com\/shop\/wp-json\/wp\/v2\/media\/621"}],"wp:attachment":[{"href":"https:\/\/fb-classics.com\/shop\/wp-json\/wp\/v2\/media?parent=620"}],"wp:term":[{"taxonomy":"product_cat","embeddable":true,"href":"https:\/\/fb-classics.com\/shop\/wp-json\/wp\/v2\/product_cat?post=620"},{"taxonomy":"product_tag","embeddable":true,"href":"https:\/\/fb-classics.com\/shop\/wp-json\/wp\/v2\/product_tag?post=620"}],"curies":[{"name":"wp","href":"https:\/\/api.w.org\/{rel}","templated":true}]}}